late the remainder when x(-2) is divided by 10.
6
Let b = 82 + -55. Suppose -b*i = -21*i - 420. What is the remainder when i is divided by 8?
6
Calculate the remainder when 5354 is divided by 1688/6 - (20/(-50) - (-64)/(-240)).
278
Let s(f) = -f**3 + 15*f**2 + 5*f - 32. Let i be s(15). Let c = i + -54. Let l = 11 - c. Calculate the remainder when 41 is divided by l.
19
Let o = -4 - -18. Let z = -207 - -274. Calculate the remainder when z is divided by o.
11
Let q = -11392 - -11514. What is the remainder when 1223 is divided by q?
3
Suppose -108*o = -12*o + 5282 - 15842. What is the remainder when 449 is divided by o?
9
Suppose 2*f + 3 + 1 = 0, 0 = x - 5*f - 33. Calculate the remainder when 1/(-4) - (375/(-12) + -6) is divided by x.
14
Let y = 4019 - 4001. What is the remainder when 7196 is divided by y?
14
What is the remainder when (-44 - -2)/((-190)/1425) is divided by 6?
3
Let z be (-224)/280 - (-578)/10. Suppose q + w - 32 = z, -5*w = -q + 65. Calculate the remainder when 180 is divided by q.
10
Let n = 944 - 829. Let g = -1 + 1. Suppose 0 = -9*t + 4*t + 5*x + n, g = 3*t + 5*x - 29. What is the remainder when 71 is divided by t?
17
Let m(a) be the second derivative of a**5/10 - a**4/6 - a**3 + 3*a**2 + 15*a. Let g = -102 - -118. Calculate the remainder when m(4) is divided by g.
14
Suppose -142*p - 262*p - 135*p + 250800 = 31*p. Suppose 3*g = 206 + 127. What is the remainder when p is divided by g?
107
Let u = 61 + -32. Suppose o - u*o = -9436. Calculate the remainder when o is divided by 13.
12
Suppose 160*n = 164*n - 91872. Calculate the remainder when n/(-176)*(-1 + (-2)/2) is divided by 33.
30
Suppose -31*i = -1303 - 1808 - 1756. What is the remainder when i is divided by 400/12*(-3)/(-2)?
7
Suppose 26*y - 7852 = -78. Suppose 2*k + 2*v - 103 = -v, 249 = 5*k - v. Calculate the remainder when y is divided by k.
49
Let g(x) be the first derivative of x**3 - 2*x**2 + 8*x - 32. What is the remainder when g(-5) is divided by 13?
12
Let a be (20/(-25))/((-2)/(-5)). Let i = 412 + a. Suppose 7*s = 2*s + i. Calculate the remainder when s is divided by 12.
10
Suppose -1871 = 3*h - 2*b, 4*b + 1358 + 1170 = -4*h. Let y = -306 - h. What is the remainder when y is divided by 46?
45
What is the remainder when (-217 + 216)*722/(-2) is divided by 91?
88
Let f(j) = -24*j**3 + 2*j**2 - 4*j + 37. Let s be f(-7). Suppose 30*r = s + 1265. What is the remainder when r is divided by 67?
54
Suppose f = 8*f - 98. What is the remainder when 348 is divided by f?
12
Let m = -195 - -306. Let j = m - 98. What is the remainder when 49 is divided by j?
10
Suppose -4*f = -d - 12, 6*d - d - 5*f = -15. Suppose d = 2*q - 54 + 8. Let p = -8166 - -8254. Calculate the remainder when p is divided by q.
19
Suppose -188 = 12*q - 1172. What is the remainder when 564 is divided by q?
72
Suppose 0 = 2*p + 5*s - 1246, -3*p + 2266 = 2*s + 375. Calculate the remainder when p is divided by 49.
45
Let v(s) = 24*s**3 - 4*s**2 + 22*s - 35. Calculate the remainder when v(3) is divided by 84.
55
Let o(q) = 6*q + 45. Let h be o(-7). Suppose 4 = -k, h*k = f + 91 + 109. What is the remainder when (f/(-8))/(3/6) is divided by 18?
17
Suppose 6*i - 3*i = 2*b - 946 + 274, 0 = -i. What is the remainder when 1009 is divided by b?
1
Let v = 4 - -3. Let y(d) = -2*d**2 - 135*d - 2006. What is the remainder when y(-44) is divided by v?
6
Let i(h) = -8*h**3 + 157*h**2 + 61*h + 38. What is the remainder when 153 is divided by i(20)?
37
Let h(s) be the second derivative of -43*s**3/6 + 109*s**2/2 - 5*s + 10. What is the remainder when 52 is divided by h(2)?
6
Let g(t) = -t**3 + 14*t**2 - 5*t + 20. Suppose 2*c = 2*f - c - 98, -4*c + 16 = 0. Calculate the remainder when g(7) is divided by f.
53
Suppose 15*h - 85 = 9455. Let t = h + -501. What is the remainder when t is divided by 45?
0
Let l = -189 + 558. Let x = 373 - l. Suppose -2*s + 7*s - 65 = 0. What is the remainder when s is divided by x?
1
Let l(a) = -a**2 - 9*a + 3. Let s be -1 + (-16)/(-10) - 88/(-20). Suppose -s*z - 16 = -3*z. What is the remainder when 12 is divided by l(z)?
1
Let o(m) = 4*m**2 - 3*m - 2. Suppose 456 - 88 = -5*x - 3*q, 5*q = x + 68. Let j = 144 + x. What is the remainder when j is divided by o(3)?
21
Suppose 5 - 5 = 4*c, 0 = j + c - 1198. Calculate the remainder when 1214 is divided by j.
16
Calculate the remainder when (-7580)/(-3) + (70/28)/(6/(-4)) is divided by 416.
29
Let q(l) = -18*l**3 - l**2 - l - 1. Suppose 12*w - 7 = -2*r + 9*w, -5*w = -5*r + 80. What is the remainder when q(-1) is divided by r?
6
Suppose 107*q - 49*q - 153990 = 0. Calculate the remainder when q is divided by 205.
195
Suppose -3*m + 5 = z, -4*m + 40 = -2*z + 5*z. Let j(k) = -k**2 + 39*k + 68. Calculate the remainder when j(36) is divided by z.
16
Suppose 0 = -8*k + 361 + 119. Let x be k/21 + (-10)/(-70). What is the remainder when 59 is divided by 25 + (x + -8 - 0)?
19
Calculate the remainder when (11140/15)/((-228)/(-1539)) is divided by 46.
45
Let m = 221 - 61. Suppose u - 2*z = 40, -4*u + 3*z + m = -z. Calculate the remainder when 236 is divided by u.
36
What is the remainder when (-380)/(-19)*(5 + (-212)/(-16)) is divided by 65?
40
Suppose -j + 495 = 4*k - 51, -4*k = -j + 562. Calculate the remainder when j is divided by 198.
158
Let k = -893 + 1795. Let l = -850 + k. What is the remainder when l is divided by 19?
14
Suppose -3*g + 60 + 57 = 0. Suppose 3*w + 12 = 0, z - 3*w = -2*w + 5. What is the remainder when (z - 3)*(-8 + 6 + -56) is divided by g?
38
Suppose 14*l - 509 - 79 = 0. What is the remainder when (3/6)/((-1)/(-332)) is divided by l?
40
Let u(f) = 2*f**2 - 37*f - 9. Let v be ((-9)/6 - -1)/(3/(-120)). What is the remainder when 198 is divided by u(v)?
45
Let i(h) = -29*h + 1479. What is the remainder when 219 is divided by i(49)?
45
Suppose -2*p + 5*p = 9. Let w(s) = -2*s + 27. Let c be w(11). Suppose 2*z + 11 = -c*n + 69, -4*z = p*n - 102. Calculate the remainder when 46 is divided by z.
22
Let m(f) = -f**3 + 10*f**2 + 44*f + 48. What is the remainder when 245 is divided by m(-4)?
53
Let j = 50425 + -50387. Suppose 4*w + 287 = 1191. Calculate the remainder when w is divided by j.
36
Suppose 3*l = -2*h - 1071, 8 = 4*l + 4. Let p = h - -597. Calculate the remainder when p is divided by 17.
9
Suppose 50544 = 940*i + 1004*i. Calculate the remainder when i is divided by 42/(-4)*1*-2.
5
Let p(c) = 2*c - 14. Let i be p(9). Suppose -5*j + 65 = i*v, 5*j + 4*v = v + 60. Let o(k) = -3*k - 2. What is the remainder when o(-6) is divided by j?
7
Let b(h) = h**2 - h + 5. Suppose -m - 3*y = -53, 84*m - 85*m + 2*y = -108. Calculate the remainder when m is divided by b(-4).
11
Let f = -6350 + 6634. What is the remainder when f is divided by 129?
26
Let c(x) = -10*x + 90. Let n be c(-17). Let j = -171 + n. What is the remainder when j is divided by 26?
11
Let m = 776 + 486. Let a = 1273 - m. Suppose -4*b = -o + 24, -4*o + 209 = 2*b + 41. What is the remainder when o is divided by a?
7
Let f(u) = -u**3 - 15*u**2 + 14*u + 18. Calculate the remainder when f(-16) is divided by ((-1)/(-1) + 0)/(10/290).
21
Let m = 20379 + -12044. What is the remainder when m is divided by 31?
27
Let o = -3927 - -3943. Calculate the remainder when 92 is divided by o.
12
Suppose 20*w + 11*w = 6*w + 1100. Suppose 0 = -3*v - v + 64. What is the remainder when w is divided by v?
12
Suppose -4*k - 1663 = -4467. What is the remainder when k is divided by (-126)/(-147) - 2261/(-49)?
43
Calculate the remainder when 48/240 + 110495/25 is divided by 27.
19
Calculate the remainder when 40573 is divided by (2176/612)/((-38)/(-18) + -2).
29
Let u = -13164 + 13555. Calculate the remainder when u is divided by 218.
173
Suppose 4*v + 1534 = 35*s - 32*s, 0 = 2*s - 5*v - 1011. What is the remainder when s is divided by 32?
6
Let m(v) = v**2 + 9*v - 6. Let j(y) be the second derivative of 11*y**3/6 + 22*y. Let s be j(-1). Calculate the remainder when 63 is divided by m(s).
15
Suppose 14*b = 19*b - 40. Suppose -5*w = v - 20, -3*w + 4 = -v + b. Suppose -v*a + 25*a = 705. What is the remainder when a is divided by 13?
8
Suppose -p + 8 = s, -3*p + 2*s + 5 = 1. Suppose 2*v - 1 = -z - 2*v, 7 = -z + p*v. What is the remainder when -3*z/(-18)*-76 is divided by 21?
17
Let r be (11/4)/(-7*(-2)/56). Sup